- 137. What is the greatest common divisor of p and n?
10
Suppose c = 2*c + 4*g - 14, -3*g = -c + 28. What is the greatest common factor of c and 44?
22
Let v be ((-33)/9)/(2/(-84)). Suppose -3*d + v = -d. Let x(j) = -11*j. Let n be x(-1). Calculate the greatest common factor of n and d.
11
Let i = 16 + -11. Suppose z = 5*l + 2*z - 14, -i*z = 5. Suppose -47 = -2*x + 7. Calculate the greatest common factor of l and x.
3
Suppose 0 = -2*u + 4*u + 24. Let n be (-4)/6 + (-32)/u. Suppose x - 36 = -n*x. Calculate the greatest common factor of x and 6.
6
Let z be 25 + -21 + 2*(-5)/(-2). What is the highest common factor of z and 63?
9
Let v be (-1*3*-3)/1. Suppose 5*g = 2*g - f + 297, -5*g = 2*f - 495. What is the highest common divisor of v and g?
9
Suppose -3*t + 6*t = -3, -41 = -2*i - t. Calculate the highest common factor of i and 42.
21
Let d(l) = 5*l + 1. Let p be d(3). Let a be (10 - 2) + 0 + 0. What is the highest common factor of a and p?
8
Let r = 5 - -19. Suppose 4*k + 5*a - 22 = 0, 5*k - 25 = -4*a + 7. Calculate the greatest common divisor of k and r.
8
Let y = -3 + 8. Suppose 2*m + 6 = 0, -3*t + y*m + 393 = -0*m. Let o(d) = d**3 - 7*d**2 + 8*d + 2. Let w be o(6). What is the greatest common factor of t and w?
14
Let f(c) = 9*c. Let k be f(2). Calculate the highest common factor of 27 and k.
9
Let r be 315/42*(-28)/(-3). Calculate the greatest common factor of 10 and r.
10
Suppose -5*t + 3*c + 19 = 0, 0 = -5*t + c - 3*c + 29. Suppose t*m - 15 = 15. Calculate the highest common divisor of 36 and m.
6
Let c(h) = h**3 - 5*h**2 + 3*h - 5. Let s be c(5). What is the greatest common factor of 10 and s?
10
Suppose -4*t - 56 = -4*o, 0 = 3*t + 2 + 4. Let z = 379 - 271. What is the greatest common factor of z and o?
12
Let v be ((-4)/(-5))/(3/270). Suppose 1 - 5 = -t. Suppose -t*d + 40 = d. Calculate the greatest common factor of d and v.
8
Let d(m) = 11*m**2 + m. Let a = -5 + 6. Let i be d(a). What is the greatest common factor of i and 84?
12
Let x(b) = b**2 - 6*b - 3. Let u be x(-2). Let p = -5 - -9. Suppose -p*k + 113 = -199. Calculate the greatest common factor of u and k.
13
Let x(l) = -l**2 + 10*l - 9. Let u(o) = o**3 + 0*o - o**2 - 2*o + 3*o**2 + o**2. Let q be u(-2). Let z be x(q). What is the greatest common divisor of 28 and z?
7
Suppose -6*n + 147 = -105. What is the highest common factor of n and 105?
21
Let k(m) = 15*m**2 - m. Let w be k(1). Suppose -n + 42 = 2*n. What is the greatest common factor of w and n?
14
Let n(t) = t**3 + 3*t**2 + 4*t + 5. Let b be n(5). What is the greatest common factor of b and 25?
25
Suppose 9 = p - 12. What is the greatest common factor of p and 231?
21
Let o(z) be the first derivative of z**2 + 4*z + 2. Let q be o(5). What is the highest common divisor of q and 70?
14
Let p(g) = g**3 + 6*g**2 + 2*g + 4. Let r be p(-5). Calculate the greatest common factor of r and 171.
19
Suppose l - 180 = -l. Calculate the highest common divisor of 10 and l.
10
Suppose 0 = -v + 18 - 9. What is the highest common divisor of v and 63?
9
Let h(g) = g**2 + 17*g + 24. Let i be h(-23). Let o be ((-135)/(-20))/(6/16). What is the greatest common divisor of o and i?
18
Let z = 15 + -12. Suppose -3*l + z*y = 6*y - 561, 0 = -3*l + 3*y + 531. Calculate the highest common factor of 26 and l.
26
Let d(s) = 6*s**2 + s - 2. Let c be d(2). Let k be (-2 + 11)/(-4 - 68/(-16)). What is the highest common divisor of k and c?
12
Let u(k) = 19*k + 4. Let c be u(4). Suppose -21*v + 26*v - 160 = 0. What is the greatest common factor of c and v?
16
Suppose 5*k = -31 + 11, 5*m - 4*k = 66. Suppose -5*j + m*j - 440 = 0. Let d = -12 + 20. What is the highest common divisor of d and j?
8
Let b(q) = -9*q - 1. Let x be b(-1). Suppose n = 3*n + 5*s - 25, 0 = 3*n + 2*s - 54. Calculate the greatest common factor of n and x.
4
Let b(s) = 3*s + 5. Suppose 3*q - 13 = -1. Let p be q + (3/(-3))/(-1). Let j be b(p). What is the highest common divisor of j and 50?
10
Let c = 4 + -2. Let a(w) = w**3 + 4*w**2 - 12*w + 7. Let g(v) = -v + 1. Let p(k) = a(k) - 6*g(k). Let y be p(-5). What is the highest common factor of c and y?
2
Let c be (-4)/((-2)/(-2) + -2). Suppose -c*d = o - 10 - 9, -o - 3*d = -15. Suppose 6*n - 24 = 4*n. Calculate the greatest common factor of n and o.
3
Let w = -92 + 222. Calculate the greatest common factor of w and 13.
13
Suppose 6 = a - h - h, -5*a - 2*h + 42 = 0. What is the highest common divisor of a and 20?
4
Let o = 501 - 195. Calculate the greatest common divisor of 34 and o.
34
Suppose -4*v = -1 - 3. Let n be v + -3 + 64 + -2. What is the highest common divisor of 12 and n?
12
Suppose 2*j = 3*k - 20, 0*j = 3*k - j - 16. Let d = 12 - k. Suppose o + 2*o = 120. What is the greatest common factor of d and o?
8
Let t be (-318)/(-18) - 1/(-3). What is the greatest common divisor of 18 and t?
18
Let h be 5 + -2 - (6 - 6). Let q be 2/1*-2 + 2. Let b = 3 + q. What is the highest common factor of h and b?
1
Let r = 0 + 2. Suppose -r*b = -5*b + 51. What is the greatest common factor of 136 and b?
17
Let i be (-44)/8*2*-1. Calculate the greatest common factor of i and 22.
11
Let h be 14/4*(-1 - -3). Suppose 0*u - 482 = -2*u. Suppose v + 0*v = -2*x + 81, -3*v + u = 5*x. What is the greatest common factor of v and h?
7
Let v be (-3)/6 + (-764)/(-8). Calculate the highest common factor of v and 38.
19
Let v(j) be the first derivative of 2*j**2 - 11*j - 2. Let n be v(7). Calculate the greatest common factor of 187 and n.
17
Let t(q) = -q**3 + 6*q**2 + 6*q + 10. Let d be t(7). Suppose d*l - 5*l = -48. What is the greatest common divisor of 8 and l?
8
Let d(i) = -i**3 + 12*i**2 - i. Let r be d(8). Calculate the greatest common factor of 31 and r.
31
Let y be (-112)/(-18) + (-10)/45. What is the greatest common divisor of 4 and y?
2
Suppose 4*i = 5*n - 64 + 900, -836 = -4*i - 3*n. Calculate the highest common divisor of i and 19.
19
Suppose 3*x - 10 = d + 3, -3*d - 3 = 0. Suppose -1 = -3*u + x*o + 13, -2*u + 6 = -o. Let s be (-14)/4*-1*u. Calculate the greatest common factor of s and 7.
7
Let o be ((-10)/(-1))/(8 + -7). Calculate the greatest common factor of 20 and o.
10
Let i(a) = 2*a**3 - 4*a**2 + 2. Let u be i(3). Let d = -9 - -3. Let j = d + u. What is the highest common factor of 35 and j?
7
Let o(w) = -5*w + 0*w + 3*w. Let a be o(-5). Calculate the highest common factor of 25 and a.
5
Let i = 30 - 18. Let t = 60 + -124. Let l be ((-42)/8)/(4/t). What is the greatest common factor of l and i?
12
Suppose 4 + 2 = a. What is the greatest common factor of a and 6?
6
Let g(o) = -o**2 + 4*o + 4. Let p be g(4). Suppose 0 = -z + 18 - p. Suppose -119 - 301 = -5*y. What is the highest common factor of y and z?
14
Let v(p) = 6*p**2. Let a be v(1). Let f = 51 - a. Suppose 2*s - 5 - 25 = 0. What is the greatest common divisor of f and s?
15
Let v(r) = -3*r - 2. Let i be v(-4). Suppose 0 = 4*p - 5*u + 15, 0*p - 3*u = -p - 9. Suppose -y - 4*y + 125 = p. What is the highest common divisor of y and i?
5
Let g be ((-36)/16)/(3/16). Suppose 0*y = 4*y - 24. Let x = y - g. What is the greatest common factor of 162 and x?
18
Let w(y) = y**2 - 9*y - 4. Let q be w(12). Calculate the highest common divisor of 64 and q.
32
Let v(k) = 3*k + 4. Let o be v(7). Calculate the highest common divisor of o and 75.
25
Suppose i - 31 = 9*l - 6*l, -l = 2. Calculate the greatest common divisor of i and 75.
25
Let r = 76 + -44. What is the greatest common factor of r and 4?
4
Suppose 2*m - 206 = -o, -3*o + 0*o + 668 = -4*m. What is the greatest common divisor of 24 and o?
24
Let b(r) = r**2 + r - 28. Let l be b(13). Calculate the greatest common factor of l and 14.
14
Suppose -4*j - 3*c - 7 = 9, 12 = -3*j + 2*c. Let p be (1/(-2))/(j/8). Calculate the highest common factor of 1 and p.
1
Let w be 22/5 - 2/5. Suppose 0 = 6*p - w*p - 30. Calculate the highest common factor of p and 6.
3
Let m be (-48)/(-4 - -1)*3. Suppose 5*g + 37 = -0*y + 2*y, 0 = 3*y - g - 49. Calculate the highest common divisor of y and m.
16
Let q(m) = -4*m + 4. Let k be q(-3). Calculate the greatest common factor of k and 128.
16
Let i(j) = j**2 + 5*j + 3. Suppose 0 = 4*r + 16 + 8. Let f be i(r). Calculate the highest common divisor of 99 and f.
9
Let d = -218 - -123. Let a be 4/6 - d/15. Let u be (-2)/(-7) -